{"id":57787,"date":"2021-06-17T15:48:41","date_gmt":"2021-06-17T13:48:41","guid":{"rendered":"https:\/\/fnege-medias.fr\/auteur-acf\/caby-jerome-2\/"},"modified":"2026-03-30T23:48:52","modified_gmt":"2026-03-30T21:48:52","slug":"caby-jerome","status":"publish","type":"auteur-acf","link":"https:\/\/fnege-medias.fr\/en\/auteur\/caby-jerome\/","title":{"rendered":"CABY J\u00e9r\u00f4me"},"content":{"rendered":"<p>J\u00e9r\u00f4me CABY est sp\u00e9cialiste de finance d\u2019entreprise principalement sur la cr\u00e9ation de valeur et la gouvernance des entreprises. Il a publi\u00e9 de nombreux articles dans des revues scientifiques fran\u00e7aises et internationales et six ouvrages en tant qu\u2019auteur ou coordinateur. Il a exerc\u00e9 \u00e0 plusieurs reprises des fonctions de direction d\u2019\u00e9tablissements d\u2019enseignement sup\u00e9rieur, successivement Directeur de l\u2019IAE Paris-Sorbonne, Directeur g\u00e9n\u00e9ral d\u2019ICN Business School Nancy-Metz et Directeur g\u00e9n\u00e9ral de l\u2019ESCE \u00e0 Paris. Il est actuellement D\u00e9l\u00e9gu\u00e9 G\u00e9n\u00e9ral de la FNEGE.<\/p>\n","protected":false},"excerpt":{"rendered":"<p>J\u00e9r\u00f4me CABY est sp\u00e9cialiste de finance d\u2019entreprise principalement sur la cr\u00e9ation de valeur et la gouvernance des entreprises. Il a publi\u00e9 de nombreux articles dans des revues scientifiques fran\u00e7aises et internationales et six ouvrages en tant qu\u2019auteur ou coordinateur. Il a exerc\u00e9 \u00e0 plusieurs reprises des fonctions de direction d\u2019\u00e9tablissements d\u2019enseignement sup\u00e9rieur, successivement Directeur de [&hellip;]<\/p>\n","protected":false},"featured_media":28497,"template":"","meta":{"_acf_changed":false},"class_list":["post-57787","auteur-acf","type-auteur-acf","status-publish","has-post-thumbnail","hentry"],"acf":[],"_links":{"self":[{"href":"https:\/\/fnege-medias.fr\/en\/wp-json\/wp\/v2\/auteur-acf\/57787","targetHints":{"allow":["GET"]}}],"collection":[{"href":"https:\/\/fnege-medias.fr\/en\/wp-json\/wp\/v2\/auteur-acf"}],"about":[{"href":"https:\/\/fnege-medias.fr\/en\/wp-json\/wp\/v2\/types\/auteur-acf"}],"version-history":[{"count":0,"href":"https:\/\/fnege-medias.fr\/en\/wp-json\/wp\/v2\/auteur-acf\/57787\/revisions"}],"wp:featuredmedia":[{"embeddable":true,"href":"https:\/\/fnege-medias.fr\/en\/wp-json\/wp\/v2\/media\/28497"}],"wp:attachment":[{"href":"https:\/\/fnege-medias.fr\/en\/wp-json\/wp\/v2\/media?parent=57787"}],"curies":[{"name":"wp","href":"https:\/\/api.w.org\/{rel}","templated":true}]}}

CABY Jérôme

<p>Jérôme CABY est spécialiste de finance d’entreprise principalement sur la création de valeur et la gouvernance des entreprises. Il a publié de nombreux articles dans des revues scientifiques françaises et internationales et six ouvrages en tant qu’auteur ou coordinateur. Il a exercé à plusieurs reprises des fonctions de direction d’établissements d’enseignement supérieur, successivement Directeur de l’IAE Paris-Sorbonne, Directeur général d’ICN Business School Nancy-Metz et Directeur général de l’ESCE à Paris. Il est actuellement Délégué Général de la FNEGE.</p>

<p>Jérôme CABY est spécialiste de finance d’entreprise principalement sur la création de valeur et la gouvernance des entreprises. Il a publié de nombreux articles dans des revues scientifiques françaises et internationales et six ouvrages en tant qu’auteur ou coordinateur. Il a exercé à plusieurs reprises des fonctions de direction d’établissements d’enseignement supérieur, successivement Directeur de [&hellip;]</p>
