{"id":57234,"date":"2022-02-17T15:23:56","date_gmt":"2022-02-17T14:23:56","guid":{"rendered":"https:\/\/fnege-medias.fr\/auteur-acf\/wirtz-peter-2\/"},"modified":"2026-03-30T23:47:11","modified_gmt":"2026-03-30T21:47:11","slug":"wirtz-peter","status":"publish","type":"auteur-acf","link":"https:\/\/fnege-medias.fr\/en\/auteur\/wirtz-peter\/","title":{"rendered":"WIRTZ Peter"},"content":{"rendered":"<p>Ancien vice\u2011pr\u00e9sident de l\u2019Universit\u00e9 Jean Moulin charg\u00e9 de la recherche, Peter Wirtz est l\u2019auteur de plusieurs ouvrages et de nombreux articles sur la finance et la gouvernance d\u2019entreprise. Il est membre de l\u2019Institut Fran\u00e7ais de Gouvernement des Entreprises (IFGE). Ses principaux domaines d&#8217;int\u00e9r\u00eat sont la gouvernance d&#8217;entreprise (son institutionnalisation dans divers contextes, son lien avec le comportement financier, ainsi que sa relation avec la cr\u00e9ation de valeur), et la finance et la gouvernance entrepreneuriales. Les derni\u00e8res recherches de Peter Wirtz comprennent des analyses de la contribution sp\u00e9cifique des business angels fran\u00e7ais au financement et \u00e0 la croissance des entreprises, ainsi que des \u00e9tudes sur la gouvernance de certains types d&#8217;organisations, tels que les ordres religieux.<\/p>\n","protected":false},"excerpt":{"rendered":"<p>Ancien vice\u2011pr\u00e9sident de l\u2019Universit\u00e9 Jean Moulin charg\u00e9 de la recherche, Peter Wirtz est l\u2019auteur de plusieurs ouvrages et de nombreux articles sur la finance et la gouvernance d\u2019entreprise. Il est membre de l\u2019Institut Fran\u00e7ais de Gouvernement des Entreprises (IFGE). Ses principaux domaines d&#8217;int\u00e9r\u00eat sont la gouvernance d&#8217;entreprise (son institutionnalisation dans divers contextes, son lien avec [&hellip;]<\/p>\n","protected":false},"featured_media":46205,"template":"","meta":{"_acf_changed":false},"class_list":["post-57234","auteur-acf","type-auteur-acf","status-publish","has-post-thumbnail","hentry"],"acf":[],"_links":{"self":[{"href":"https:\/\/fnege-medias.fr\/en\/wp-json\/wp\/v2\/auteur-acf\/57234","targetHints":{"allow":["GET"]}}],"collection":[{"href":"https:\/\/fnege-medias.fr\/en\/wp-json\/wp\/v2\/auteur-acf"}],"about":[{"href":"https:\/\/fnege-medias.fr\/en\/wp-json\/wp\/v2\/types\/auteur-acf"}],"version-history":[{"count":0,"href":"https:\/\/fnege-medias.fr\/en\/wp-json\/wp\/v2\/auteur-acf\/57234\/revisions"}],"wp:featuredmedia":[{"embeddable":true,"href":"https:\/\/fnege-medias.fr\/en\/wp-json\/wp\/v2\/media\/46205"}],"wp:attachment":[{"href":"https:\/\/fnege-medias.fr\/en\/wp-json\/wp\/v2\/media?parent=57234"}],"curies":[{"name":"wp","href":"https:\/\/api.w.org\/{rel}","templated":true}]}}

<p>Ancien vice‑président de l’Université Jean Moulin chargé de la recherche, Peter Wirtz est l’auteur de plusieurs ouvrages et de nombreux articles sur la finance et la gouvernance d’entreprise. Il est membre de l’Institut Français de Gouvernement des Entreprises (IFGE). Ses principaux domaines d&#8217;intérêt sont la gouvernance d&#8217;entreprise (son institutionnalisation dans divers contextes, son lien avec le comportement financier, ainsi que sa relation avec la création de valeur), et la finance et la gouvernance entrepreneuriales. Les dernières recherches de Peter Wirtz comprennent des analyses de la contribution spécifique des business angels français au financement et à la croissance des entreprises, ainsi que des études sur la gouvernance de certains types d&#8217;organisations, tels que les ordres religieux.</p>

<p>Ancien vice‑président de l’Université Jean Moulin chargé de la recherche, Peter Wirtz est l’auteur de plusieurs ouvrages et de nombreux articles sur la finance et la gouvernance d’entreprise. Il est membre de l’Institut Français de Gouvernement des Entreprises (IFGE). Ses principaux domaines d&#8217;intérêt sont la gouvernance d&#8217;entreprise (son institutionnalisation dans divers contextes, son lien avec [&hellip;]</p>
