{"id":57208,"date":"2022-03-29T10:40:34","date_gmt":"2022-03-29T08:40:34","guid":{"rendered":"https:\/\/fnege-medias.fr\/auteur-acf\/blanchet-garneau-amelie-2\/"},"modified":"2022-03-29T10:40:34","modified_gmt":"2022-03-29T08:40:34","slug":"blanchet-garneau-amelie-2","status":"publish","type":"auteur-acf","link":"https:\/\/fnege-medias.fr\/en\/auteur\/blanchet-garneau-amelie-2\/","title":{"rendered":"BLANCHET GARNEAU Am\u00e9lie"},"content":{"rendered":"<p>Am\u00e9lie Blanchet Garneau holds a PhD in Nursing from the Universit\u00e9 de Montr\u00e9al and a post-doctorate from the Crititcal Research in Health and Healthcare Inequities Unit at the University of British Columbia. From a critical perspective, she is interested in the decolonization of clinical and educational practices among health professionals to promote health equity for Aboriginal Peoples.<\/p>\n","protected":false},"excerpt":{"rendered":"<p>Am\u00e9lie Blanchet Garneau holds a PhD in Nursing from the Universit\u00e9 de Montr\u00e9al and a post-doctorate from the Crititcal Research in Health and Healthcare Inequities Unit at the University of British Columbia. From a critical perspective, she is interested in the decolonization of clinical and educational practices among health professionals to promote health equity for [&hellip;]<\/p>\n","protected":false},"featured_media":29384,"template":"","meta":{"_acf_changed":false},"class_list":["post-57208","auteur-acf","type-auteur-acf","status-publish","has-post-thumbnail","hentry"],"acf":[],"_links":{"self":[{"href":"https:\/\/fnege-medias.fr\/en\/wp-json\/wp\/v2\/auteur-acf\/57208","targetHints":{"allow":["GET"]}}],"collection":[{"href":"https:\/\/fnege-medias.fr\/en\/wp-json\/wp\/v2\/auteur-acf"}],"about":[{"href":"https:\/\/fnege-medias.fr\/en\/wp-json\/wp\/v2\/types\/auteur-acf"}],"version-history":[{"count":0,"href":"https:\/\/fnege-medias.fr\/en\/wp-json\/wp\/v2\/auteur-acf\/57208\/revisions"}],"wp:featuredmedia":[{"embeddable":true,"href":"https:\/\/fnege-medias.fr\/en\/wp-json\/wp\/v2\/media\/29384"}],"wp:attachment":[{"href":"https:\/\/fnege-medias.fr\/en\/wp-json\/wp\/v2\/media?parent=57208"}],"curies":[{"name":"wp","href":"https:\/\/api.w.org\/{rel}","templated":true}]}}

BLANCHET GARNEAU Amélie

<p>Amélie Blanchet Garneau holds a PhD in Nursing from the Université de Montréal and a post-doctorate from the Crititcal Research in Health and Healthcare Inequities Unit at the University of British Columbia. From a critical perspective, she is interested in the decolonization of clinical and educational practices among health professionals to promote health equity for Aboriginal Peoples.</p>

<p>Amélie Blanchet Garneau holds a PhD in Nursing from the Université de Montréal and a post-doctorate from the Crititcal Research in Health and Healthcare Inequities Unit at the University of British Columbia. From a critical perspective, she is interested in the decolonization of clinical and educational practices among health professionals to promote health equity for [&hellip;]</p>
